{"id":5059,"date":"2024-06-12T06:00:09","date_gmt":"2024-06-12T06:00:09","guid":{"rendered":"https:\/\/pfanstiehl.com\/politica-de-devolucao\/"},"modified":"2024-07-01T11:02:41","modified_gmt":"2024-07-01T11:02:41","slug":"politica-de-devolucao","status":"publish","type":"page","link":"https:\/\/pfanstiehl.com\/pt-pt\/politica-de-devolucao\/","title":{"rendered":"Pol\u00edtica de Devolu\u00e7\u00e3o"},"content":{"rendered":"\t\t<div data-elementor-type=\"wp-page\" data-elementor-id=\"5059\" class=\"elementor elementor-5059 elementor-2926\" data-elementor-post-type=\"page\">\n\t\t\t\t<div class=\"elementor-element elementor-element-ad7cd6b e-flex e-con-boxed e-con e-parent\" data-id=\"ad7cd6b\" data-element_type=\"container\">\n\t\t\t\t\t<div class=\"e-con-inner\">\n\t\t\t\t<div class=\"elementor-element elementor-element-bd5fe22 elementor-widget elementor-widget-text-editor\" data-id=\"bd5fe22\" data-element_type=\"widget\" data-widget_type=\"text-editor.default\">\n\t\t\t\t<div class=\"elementor-widget-container\">\n\t\t\t<style>\/*! elementor - v3.23.0 - 05-08-2024 *\/\n.elementor-widget-text-editor.elementor-drop-cap-view-stacked .elementor-drop-cap{background-color:#69727d;color:#fff}.elementor-widget-text-editor.elementor-drop-cap-view-framed .elementor-drop-cap{color:#69727d;border:3px solid;background-color:transparent}.elementor-widget-text-editor:not(.elementor-drop-cap-view-default) .elementor-drop-cap{margin-top:8px}.elementor-widget-text-editor:not(.elementor-drop-cap-view-default) .elementor-drop-cap-letter{width:1em;height:1em}.elementor-widget-text-editor .elementor-drop-cap{float:left;text-align:center;line-height:1;font-size:50px}.elementor-widget-text-editor .elementor-drop-cap-letter{display:inline-block}<\/style>\t\t\t\t<h4>Devolu\u00e7\u00f5es e Faltas<\/h4>\n<p>Queremos que receba os nossos produtos em boas condi\u00e7\u00f5es. Pode devolver um produto danificado ou defeituoso no momento da entrega, ou corrigir quaisquer faltas, se contactar o Servi\u00e7o de Apoio ao Cliente no prazo de 5 dias ap\u00f3s a rece\u00e7\u00e3o do produto. Se n\u00e3o nos contactar dentro deste per\u00edodo de 5 dias, consideraremos o produto aceite, mas n\u00e3o perder\u00e1 quaisquer direitos de garantia.<\/p>\n<\/p>\n<h4>Autoriza\u00e7\u00e3o para Devolu\u00e7\u00f5es<\/h4>\n<p>O Servi\u00e7o de Apoio ao Cliente tem de autorizar todas as devolu\u00e7\u00f5es de produtos. Se a devolu\u00e7\u00e3o do produto for autorizada, o Servi\u00e7o de Apoio ao Cliente fornecer-lhe-\u00e1 instru\u00e7\u00f5es relativamente ao processo de devolu\u00e7\u00e3o.<\/p>\n<\/p>\n<h4>Elegibilidade de Produto-Cr\u00e9dito<\/h4>\n<p>Para ser eleg\u00edvel para cr\u00e9dito de produto, um produto deve ser autorizado por escrito para devolu\u00e7\u00e3o e deve chegar \u00e0s nossas instala\u00e7\u00f5es em condi\u00e7\u00f5es satisfat\u00f3rias para revenda. Qualquer retorno n\u00e3o devido ao nosso erro est\u00e1 sujeito a uma taxa de reabastecimento de US $ 25 ou 25% do pre\u00e7o de venda, o que for maior. N\u00f3s n\u00e3o creditamos despesas de envio. Voc\u00ea n\u00e3o pode devolver um produto para cr\u00e9dito mais de 30 dias ap\u00f3s receb\u00ea-lo.<\/p>\n<\/p>\n<h4>Devolu\u00e7\u00f5es de Produtos Personalizados<\/h4>\n<p>Voc\u00ea pode devolver um produto personalizado que fazemos de acordo com suas especifica\u00e7\u00f5es somente se o produto n\u00e3o estiver em conformidade com as especifica\u00e7\u00f5es fornecidas na data de envio. Nesse caso, iremos, a nosso exclusivo crit\u00e9rio, substituir o produto personalizado ou reembols\u00e1-lo o pre\u00e7o de compra como sua \u00fanica solu\u00e7\u00e3o.<\/p>\n\t\t\t\t\t\t<\/div>\n\t\t\t\t<\/div>\n\t\t\t\t\t<\/div>\n\t\t\t\t<\/div>\n\t\t\t\t<\/div>\n\t\t","protected":false},"excerpt":{"rendered":"<p>Devolu\u00e7\u00f5es e Faltas Queremos que receba os nossos produtos em boas condi\u00e7\u00f5es. Pode devolver um produto danificado ou defeituoso no momento da entrega, ou corrigir quaisquer faltas, se contactar o Servi\u00e7o de Apoio ao Cliente no prazo de 5 dias ap\u00f3s a rece\u00e7\u00e3o do produto. Se n\u00e3o nos contactar dentro deste per\u00edodo de 5 dias, [&hellip;]<\/p>\n","protected":false},"author":1,"featured_media":0,"parent":0,"menu_order":0,"comment_status":"closed","ping_status":"closed","template":"elementor_header_footer","meta":{"om_disable_all_campaigns":false,"_monsterinsights_skip_tracking":false,"_monsterinsights_sitenote_active":false,"_monsterinsights_sitenote_note":"","_monsterinsights_sitenote_category":0,"_uf_show_specific_survey":0,"_uf_disable_surveys":false,"footnotes":""},"class_list":["post-5059","page","type-page","status-publish","hentry"],"yoast_head":"<!-- This site is optimized with the Yoast SEO plugin v27.3 - https:\/\/yoast.com\/product\/yoast-seo-wordpress\/ -->\n<title>Pol\u00edtica de Devolu\u00e7\u00e3o - Pfanstiehl<\/title>\n<meta name=\"robots\" content=\"index, follow, max-snippet:-1, max-image-preview:large, max-video-preview:-1\" \/>\n<link rel=\"canonical\" href=\"https:\/\/pfanstiehl.com\/pt-pt\/politica-de-devolucao\/\" \/>\n<meta property=\"og:locale\" content=\"pt_PT\" \/>\n<meta property=\"og:type\" content=\"article\" \/>\n<meta property=\"og:title\" content=\"Pol\u00edtica de Devolu\u00e7\u00e3o - Pfanstiehl\" \/>\n<meta property=\"og:description\" content=\"Devolu\u00e7\u00f5es e Faltas Queremos que receba os nossos produtos em boas condi\u00e7\u00f5es. Pode devolver um produto danificado ou defeituoso no momento da entrega, ou corrigir quaisquer faltas, se contactar o Servi\u00e7o de Apoio ao Cliente no prazo de 5 dias ap\u00f3s a rece\u00e7\u00e3o do produto. Se n\u00e3o nos contactar dentro deste per\u00edodo de 5 dias, [&hellip;]\" \/>\n<meta property=\"og:url\" content=\"https:\/\/pfanstiehl.com\/pt-pt\/politica-de-devolucao\/\" \/>\n<meta property=\"og:site_name\" content=\"Pfanstiehl\" \/>\n<meta property=\"article:modified_time\" content=\"2024-07-01T11:02:41+00:00\" \/>\n<meta name=\"twitter:card\" content=\"summary_large_image\" \/>\n<meta name=\"twitter:label1\" content=\"Tempo estimado de leitura\" \/>\n\t<meta name=\"twitter:data1\" content=\"1 minuto\" \/>\n<script type=\"application\/ld+json\" class=\"yoast-schema-graph\">{\"@context\":\"https:\\\/\\\/schema.org\",\"@graph\":[{\"@type\":\"WebPage\",\"@id\":\"https:\\\/\\\/pfanstiehl.com\\\/pt-pt\\\/politica-de-devolucao\\\/\",\"url\":\"https:\\\/\\\/pfanstiehl.com\\\/pt-pt\\\/politica-de-devolucao\\\/\",\"name\":\"Pol\u00edtica de Devolu\u00e7\u00e3o - Pfanstiehl\",\"isPartOf\":{\"@id\":\"https:\\\/\\\/pfanstiehl.com\\\/pt-pt\\\/#website\"},\"datePublished\":\"2024-06-12T06:00:09+00:00\",\"dateModified\":\"2024-07-01T11:02:41+00:00\",\"breadcrumb\":{\"@id\":\"https:\\\/\\\/pfanstiehl.com\\\/pt-pt\\\/politica-de-devolucao\\\/#breadcrumb\"},\"inLanguage\":\"pt-PT\",\"potentialAction\":[{\"@type\":\"ReadAction\",\"target\":[\"https:\\\/\\\/pfanstiehl.com\\\/pt-pt\\\/politica-de-devolucao\\\/\"]}]},{\"@type\":\"BreadcrumbList\",\"@id\":\"https:\\\/\\\/pfanstiehl.com\\\/pt-pt\\\/politica-de-devolucao\\\/#breadcrumb\",\"itemListElement\":[{\"@type\":\"ListItem\",\"position\":1,\"name\":\"Home\",\"item\":\"https:\\\/\\\/pfanstiehl.com\\\/pt-pt\\\/\"},{\"@type\":\"ListItem\",\"position\":2,\"name\":\"Pol\u00edtica de Devolu\u00e7\u00e3o\"}]},{\"@type\":\"WebSite\",\"@id\":\"https:\\\/\\\/pfanstiehl.com\\\/pt-pt\\\/#website\",\"url\":\"https:\\\/\\\/pfanstiehl.com\\\/pt-pt\\\/\",\"name\":\"Pfanstiehl\",\"description\":\"\",\"publisher\":{\"@id\":\"https:\\\/\\\/pfanstiehl.com\\\/pt-pt\\\/#organization\"},\"potentialAction\":[{\"@type\":\"SearchAction\",\"target\":{\"@type\":\"EntryPoint\",\"urlTemplate\":\"https:\\\/\\\/pfanstiehl.com\\\/pt-pt\\\/?s={search_term_string}\"},\"query-input\":{\"@type\":\"PropertyValueSpecification\",\"valueRequired\":true,\"valueName\":\"search_term_string\"}}],\"inLanguage\":\"pt-PT\"},{\"@type\":\"Organization\",\"@id\":\"https:\\\/\\\/pfanstiehl.com\\\/pt-pt\\\/#organization\",\"name\":\"Pfanstiehl\",\"url\":\"https:\\\/\\\/pfanstiehl.com\\\/pt-pt\\\/\",\"logo\":{\"@type\":\"ImageObject\",\"inLanguage\":\"pt-PT\",\"@id\":\"https:\\\/\\\/pfanstiehl.com\\\/pt-pt\\\/#\\\/schema\\\/logo\\\/image\\\/\",\"url\":\"https:\\\/\\\/pfanstiehl.com\\\/wp-content\\\/uploads\\\/2024\\\/06\\\/logo.png\",\"contentUrl\":\"https:\\\/\\\/pfanstiehl.com\\\/wp-content\\\/uploads\\\/2024\\\/06\\\/logo.png\",\"width\":600,\"height\":85,\"caption\":\"Pfanstiehl\"},\"image\":{\"@id\":\"https:\\\/\\\/pfanstiehl.com\\\/pt-pt\\\/#\\\/schema\\\/logo\\\/image\\\/\"}}]}<\/script>\n<!-- \/ Yoast SEO plugin. -->","yoast_head_json":{"title":"Pol\u00edtica de Devolu\u00e7\u00e3o - Pfanstiehl","robots":{"index":"index","follow":"follow","max-snippet":"max-snippet:-1","max-image-preview":"max-image-preview:large","max-video-preview":"max-video-preview:-1"},"canonical":"https:\/\/pfanstiehl.com\/pt-pt\/politica-de-devolucao\/","og_locale":"pt_PT","og_type":"article","og_title":"Pol\u00edtica de Devolu\u00e7\u00e3o - Pfanstiehl","og_description":"Devolu\u00e7\u00f5es e Faltas Queremos que receba os nossos produtos em boas condi\u00e7\u00f5es. Pode devolver um produto danificado ou defeituoso no momento da entrega, ou corrigir quaisquer faltas, se contactar o Servi\u00e7o de Apoio ao Cliente no prazo de 5 dias ap\u00f3s a rece\u00e7\u00e3o do produto. Se n\u00e3o nos contactar dentro deste per\u00edodo de 5 dias, [&hellip;]","og_url":"https:\/\/pfanstiehl.com\/pt-pt\/politica-de-devolucao\/","og_site_name":"Pfanstiehl","article_modified_time":"2024-07-01T11:02:41+00:00","twitter_card":"summary_large_image","twitter_misc":{"Tempo estimado de leitura":"1 minuto"},"schema":{"@context":"https:\/\/schema.org","@graph":[{"@type":"WebPage","@id":"https:\/\/pfanstiehl.com\/pt-pt\/politica-de-devolucao\/","url":"https:\/\/pfanstiehl.com\/pt-pt\/politica-de-devolucao\/","name":"Pol\u00edtica de Devolu\u00e7\u00e3o - Pfanstiehl","isPartOf":{"@id":"https:\/\/pfanstiehl.com\/pt-pt\/#website"},"datePublished":"2024-06-12T06:00:09+00:00","dateModified":"2024-07-01T11:02:41+00:00","breadcrumb":{"@id":"https:\/\/pfanstiehl.com\/pt-pt\/politica-de-devolucao\/#breadcrumb"},"inLanguage":"pt-PT","potentialAction":[{"@type":"ReadAction","target":["https:\/\/pfanstiehl.com\/pt-pt\/politica-de-devolucao\/"]}]},{"@type":"BreadcrumbList","@id":"https:\/\/pfanstiehl.com\/pt-pt\/politica-de-devolucao\/#breadcrumb","itemListElement":[{"@type":"ListItem","position":1,"name":"Home","item":"https:\/\/pfanstiehl.com\/pt-pt\/"},{"@type":"ListItem","position":2,"name":"Pol\u00edtica de Devolu\u00e7\u00e3o"}]},{"@type":"WebSite","@id":"https:\/\/pfanstiehl.com\/pt-pt\/#website","url":"https:\/\/pfanstiehl.com\/pt-pt\/","name":"Pfanstiehl","description":"","publisher":{"@id":"https:\/\/pfanstiehl.com\/pt-pt\/#organization"},"potentialAction":[{"@type":"SearchAction","target":{"@type":"EntryPoint","urlTemplate":"https:\/\/pfanstiehl.com\/pt-pt\/?s={search_term_string}"},"query-input":{"@type":"PropertyValueSpecification","valueRequired":true,"valueName":"search_term_string"}}],"inLanguage":"pt-PT"},{"@type":"Organization","@id":"https:\/\/pfanstiehl.com\/pt-pt\/#organization","name":"Pfanstiehl","url":"https:\/\/pfanstiehl.com\/pt-pt\/","logo":{"@type":"ImageObject","inLanguage":"pt-PT","@id":"https:\/\/pfanstiehl.com\/pt-pt\/#\/schema\/logo\/image\/","url":"https:\/\/pfanstiehl.com\/wp-content\/uploads\/2024\/06\/logo.png","contentUrl":"https:\/\/pfanstiehl.com\/wp-content\/uploads\/2024\/06\/logo.png","width":600,"height":85,"caption":"Pfanstiehl"},"image":{"@id":"https:\/\/pfanstiehl.com\/pt-pt\/#\/schema\/logo\/image\/"}}]}},"_links":{"self":[{"href":"https:\/\/pfanstiehl.com\/pt-pt\/wp-json\/wp\/v2\/pages\/5059","targetHints":{"allow":["GET"]}}],"collection":[{"href":"https:\/\/pfanstiehl.com\/pt-pt\/wp-json\/wp\/v2\/pages"}],"about":[{"href":"https:\/\/pfanstiehl.com\/pt-pt\/wp-json\/wp\/v2\/types\/page"}],"author":[{"embeddable":true,"href":"https:\/\/pfanstiehl.com\/pt-pt\/wp-json\/wp\/v2\/users\/1"}],"replies":[{"embeddable":true,"href":"https:\/\/pfanstiehl.com\/pt-pt\/wp-json\/wp\/v2\/comments?post=5059"}],"version-history":[{"count":1,"href":"https:\/\/pfanstiehl.com\/pt-pt\/wp-json\/wp\/v2\/pages\/5059\/revisions"}],"predecessor-version":[{"id":5061,"href":"https:\/\/pfanstiehl.com\/pt-pt\/wp-json\/wp\/v2\/pages\/5059\/revisions\/5061"}],"wp:attachment":[{"href":"https:\/\/pfanstiehl.com\/pt-pt\/wp-json\/wp\/v2\/media?parent=5059"}],"curies":[{"name":"wp","href":"https:\/\/api.w.org\/{rel}","templated":true}]}}

Política de Devolução

<div data-elementor-type="wp-page" data-elementor-id="5059" class="elementor elementor-5059 elementor-2926" data-elementor-post-type="page">
				<div class="elementor-element elementor-element-ad7cd6b e-flex e-con-boxed e-con e-parent" data-id="ad7cd6b" data-element_type="container">
					<div class="e-con-inner">
				<div class="elementor-element elementor-element-bd5fe22 elementor-widget elementor-widget-text-editor" data-id="bd5fe22" data-element_type="widget" data-widget_type="text-editor.default">
				<div class="elementor-widget-container">
			<style>/*! elementor - v3.23.0 - 05-08-2024 */
.elementor-widget-text-editor.elementor-drop-cap-view-stacked .elementor-drop-cap{background-color:#69727d;color:#fff}.elementor-widget-text-editor.elementor-drop-cap-view-framed .elementor-drop-cap{color:#69727d;border:3px solid;background-color:transparent}.elementor-widget-text-editor:not(.elementor-drop-cap-view-default) .elementor-drop-cap{margin-top:8px}.elementor-widget-text-editor:not(.elementor-drop-cap-view-default) .elementor-drop-cap-letter{width:1em;height:1em}.elementor-widget-text-editor .elementor-drop-cap{float:left;text-align:center;line-height:1;font-size:50px}.elementor-widget-text-editor .elementor-drop-cap-letter{display:inline-block}</style>				<h4>Devoluções e Faltas</h4>
<p>Queremos que receba os nossos produtos em boas condições. Pode devolver um produto danificado ou defeituoso no momento da entrega, ou corrigir quaisquer faltas, se contactar o Serviço de Apoio ao Cliente no prazo de 5 dias após a receção do produto. Se não nos contactar dentro deste período de 5 dias, consideraremos o produto aceite, mas não perderá quaisquer direitos de garantia.</p>
</p>
<h4>Autorização para Devoluções</h4>
<p>O Serviço de Apoio ao Cliente tem de autorizar todas as devoluções de produtos. Se a devolução do produto for autorizada, o Serviço de Apoio ao Cliente fornecer-lhe-á instruções relativamente ao processo de devolução.</p>
</p>
<h4>Elegibilidade de Produto-Crédito</h4>
<p>Para ser elegível para crédito de produto, um produto deve ser autorizado por escrito para devolução e deve chegar às nossas instalações em condições satisfatórias para revenda. Qualquer retorno não devido ao nosso erro está sujeito a uma taxa de reabastecimento de US $ 25 ou 25% do preço de venda, o que for maior. Nós não creditamos despesas de envio. Você não pode devolver um produto para crédito mais de 30 dias após recebê-lo.</p>
</p>
<h4>Devoluções de Produtos Personalizados</h4>
<p>Você pode devolver um produto personalizado que fazemos de acordo com suas especificações somente se o produto não estiver em conformidade com as especificações fornecidas na data de envio. Nesse caso, iremos, a nosso exclusivo critério, substituir o produto personalizado ou reembolsá-lo o preço de compra como sua única solução.</p>
						</div>
				</div>
					</div>
				</div>
				</div>

<p>Devoluções e Faltas Queremos que receba os nossos produtos em boas condições. Pode devolver um produto danificado ou defeituoso no momento da entrega, ou corrigir quaisquer faltas, se contactar o Serviço de Apoio ao Cliente no prazo de 5 dias após a receção do produto. Se não nos contactar dentro deste período de 5 dias, [&hellip;]</p>

<!-- This site is optimized with the Yoast SEO plugin v27.3 - https://yoast.com/product/yoast-seo-wordpress/ -->
<title>Política de Devolução - Pfanstiehl</title>
<meta name="robots" content="index, follow, max-snippet:-1, max-image-preview:large, max-video-preview:-1" />
<link rel="canonical" href="https://pfanstiehl.com/pt-pt/politica-de-devolucao/" />
<meta property="og:locale" content="pt_PT" />
<meta property="og:type" content="article" />
<meta property="og:title" content="Política de Devolução - Pfanstiehl" />
<meta property="og:description" content="Devoluções e Faltas Queremos que receba os nossos produtos em boas condições. Pode devolver um produto danificado ou defeituoso no momento da entrega, ou corrigir quaisquer faltas, se contactar o Serviço de Apoio ao Cliente no prazo de 5 dias após a receção do produto. Se não nos contactar dentro deste período de 5 dias, [&hellip;]" />
<meta property="og:url" content="https://pfanstiehl.com/pt-pt/politica-de-devolucao/" />
<meta property="og:site_name" content="Pfanstiehl" />
<meta property="article:modified_time" content="2024-07-01T11:02:41+00:00" />
<meta name="twitter:card" content="summary_large_image" />
<meta name="twitter:label1" content="Tempo estimado de leitura" />
	<meta name="twitter:data1" content="1 minuto" />
<script type="application/ld+json" class="yoast-schema-graph">{"@context":"https:\/\/schema.org","@graph":[{"@type":"WebPage","@id":"https:\/\/pfanstiehl.com\/pt-pt\/politica-de-devolucao\/","url":"https:\/\/pfanstiehl.com\/pt-pt\/politica-de-devolucao\/","name":"Política de Devolução - Pfanstiehl","isPartOf":{"@id":"https:\/\/pfanstiehl.com\/pt-pt\/#website"},"datePublished":"2024-06-12T06:00:09+00:00","dateModified":"2024-07-01T11:02:41+00:00","breadcrumb":{"@id":"https:\/\/pfanstiehl.com\/pt-pt\/politica-de-devolucao\/#breadcrumb"},"inLanguage":"pt-PT","potentialAction":[{"@type":"ReadAction","target":["https:\/\/pfanstiehl.com\/pt-pt\/politica-de-devolucao\/"]}]},{"@type":"BreadcrumbList","@id":"https:\/\/pfanstiehl.com\/pt-pt\/politica-de-devolucao\/#breadcrumb","itemListElement":[{"@type":"ListItem","position":1,"name":"Home","item":"https:\/\/pfanstiehl.com\/pt-pt\/"},{"@type":"ListItem","position":2,"name":"Política de Devolução"}]},{"@type":"WebSite","@id":"https:\/\/pfanstiehl.com\/pt-pt\/#website","url":"https:\/\/pfanstiehl.com\/pt-pt\/","name":"Pfanstiehl","description":"","publisher":{"@id":"https:\/\/pfanstiehl.com\/pt-pt\/#organization"},"potentialAction":[{"@type":"SearchAction","target":{"@type":"EntryPoint","urlTemplate":"https:\/\/pfanstiehl.com\/pt-pt\/?s={search_term_string}"},"query-input":{"@type":"PropertyValueSpecification","valueRequired":true,"valueName":"search_term_string"}}],"inLanguage":"pt-PT"},{"@type":"Organization","@id":"https:\/\/pfanstiehl.com\/pt-pt\/#organization","name":"Pfanstiehl","url":"https:\/\/pfanstiehl.com\/pt-pt\/","logo":{"@type":"ImageObject","inLanguage":"pt-PT","@id":"https:\/\/pfanstiehl.com\/pt-pt\/#\/schema\/logo\/image\/","url":"https:\/\/pfanstiehl.com\/wp-content\/uploads\/2024\/06\/logo.png","contentUrl":"https:\/\/pfanstiehl.com\/wp-content\/uploads\/2024\/06\/logo.png","width":600,"height":85,"caption":"Pfanstiehl"},"image":{"@id":"https:\/\/pfanstiehl.com\/pt-pt\/#\/schema\/logo\/image\/"}}]}</script>
<!-- / Yoast SEO plugin. -->

Política de Devolução - Pfanstiehl

Devoluções e Faltas Queremos que receba os nossos produtos em boas condições. Pode devolver um produto danificado ou defeituoso no momento da entrega, ou corrigir quaisquer faltas, se contactar o Serviço de Apoio ao Cliente no prazo de 5 dias após a receção do produto. Se não nos contactar dentro deste período de 5 dias, [&hellip;]
